actors of y?
13
Let b = 5 - 3. Suppose b*p - 3*v - 33 = 0, 0 = -p - p - 3*v + 15. List the prime factors of p.
2, 3
Let u = 103 + -72. Suppose 23 = 3*w - u. What are the prime factors of w?
2, 3
Let b(z) = -z - 6. Let k be b(-5). Let v = 0 - k. Suppose -2*m + 13 = -v. List the prime factors of m.
7
Let k = 64 - -158. List the prime factors of k.
2, 3, 37
Let o(t) be the first derivative of -t**2 - 2*t - 2. Let y = -1 + -1. List the prime factors of o(y).
2
Let v = 148 + -81. What are the prime factors of v?
67
Let o(q) = q**2 + 7*q + 7. Let m = 10 - 17. List the prime factors of o(m).
7
Let w be (24/18)/((-2)/9). What are the prime factors of (-216)/(-32)*(-16)/w?
2, 3
Suppose 0*t - 150 = -f - 5*t, 2*f - t - 311 = 0. Suppose -10 = -o - o, -5*v + f = -3*o. What are the prime factors of v?
2, 17
Suppose 4*l - 36 - 24 = 0. Suppose -6 = 4*b - 5*b. What are the prime factors of b/l + (-56)/(-10)?
2, 3
Suppose -4*n + d = -95, d - 7 = -3*n + 73. Let r = n - -1. List the prime factors of r.
2, 13
Let y(a) = a**2 + 5*a + 1. Let k be y(-6). Suppose 0 = -k*s + 3*s + 44. What are the prime factors of s?
11
Suppose 2*g - 2 = 4. List the prime factors of g.
3
Suppose i + 4 = 2*i. Let y = i - 0. What are the prime factors of y?
2
Suppose 0 = -6*i + i + 35. Suppose -x = -0 - i. List the prime factors of x.
7
Suppose 2*a + 14 = -5*j, 0*a - j + 6 = -4*a. Let y = 18 + a. What are the prime factors of y?
2
Let v(r) = r**2 - 2. Let u be v(-2). Suppose -u*z + 11 = -45. Suppose 5*j - z = 37. List the prime factors of j.
13
Let t = 107 - 56. List the prime factors of -3*-1*t/3.
3, 17
Let v = 21 - 10. List the prime factors of v.
11
Let d = 105 + -68. What are the prime factors of d?
37
Let q(a) = a - 2. Let k be q(-9). Let n(w) be the second derivative of -w**3/6 + w**2 - 2*w. List the prime factors of n(k).
13
Let w = -43 + 104. What are the prime factors of w?
61
Suppose -3*z + 2*f = f - 62, -2*f = -4*z + 80. What are the prime factors of z?
2, 11
Suppose -2 = -3*m - n + 15, 0 = -5*m - n + 25. What are the prime factors of m?
2
Let a be (-4)/((1 + -3)/(-2)). List the prime factors of 1/a + 90/8.
11
Suppose 5*s - 347 - 23 = 0. What are the prime factors of s?
2, 37
Let n = -5 + 9. What are the prime factors of (n/14)/((-3)/(-21))?
2
Suppose -x - 3*x = -568. What are the prime factors of (-12)/(-54) - x/(-9)?
2
Let i be 3/(45/(-12) + 3). Let g = 26 + i. What are the prime factors of g?
2, 11
Let q(f) = 2*f - 3. Let p be 4/(-8) - (-14)/4. Let u be q(p). Suppose -2*i + 3*o = -51, 56 = 2*i - u*o - o. List the prime factors of i.
2, 3
Let v(q) = -q**2 - 6*q + 4. Suppose 0*h - 16 = 4*h. List the prime factors of v(h).
2, 3
What are the prime factors of 18/(-10)*(-4 - -3)*5?
3
Let l be (3/2)/(2/12). Let r be ((-16)/(-3))/((-3)/l). Let p = r + 27. List the prime factors of p.
11
Suppose 109 = 3*x + 13. What are the prime factors of x?
2
Let w(p) = p**3 - 6*p**2 - p + 16. What are the prime factors of w(7)?
2, 29
Let s(z) = 12*z**3 + 1. Let a(m) = -2*m + 0 - m + 1 + 2*m**2 - 3*m**3 + 4*m**3. Let p be a(-3). What are the prime factors of s(p)?
13
Suppose 2*j = 2*i + 5*j - 6, 4*i - 12 = -j. Suppose -12 = -i*a + 27. List the prime factors of a.
13
Let y(l) = 5*l - 5. Let m(k) = k + 1. Let w(o) = -m(o) + y(o). Let h be (-3 - -1) + -1 + 7. List the prime factors of w(h).
2, 5
Let o = 3 - 1. Suppose -3 = k - o*k. What are the prime factors of k?
3
Suppose 2*v - 3*k = 1, 3*k + 2 + 3 = 4*v. Suppose v*d = 2*z - d - 18, d + 16 = 4*z. Suppose -l + 2*m = -13, -z*l + 24 = -0*m - m. List the prime factors of l.
7
What are the prime factors of (0 - -1 - 2) + (-588)/(-3)?
3, 5, 13
Suppose 4*m - 2*u = -2, 4*m + u = 5*m - 1. What are the prime factors of 33/m*4/(-3)?
2, 11
Let o = 49 + -42. List the prime factors of o.
7
Let w be 2/(-4)*(3 + -21). Let o(z) be the first derivative of z**2/2 - 3*z - 1. What are the prime factors of o(w)?
2, 3
Suppose 5*v - 2*h - 16 = 0, -5*h - 6 = -3*v - 2*h. Suppose -v*l - 45 = -7*l. List the prime factors of l.
3, 5
Suppose 5*m = 4*q + 75, -5*m + 75 = 4*q - 5*q. Let o be -4*5/2*-1. What are the prime factors of 94/o + 9/m?
2, 5
Suppose -3*k = 2*k - 5*h - 350, -2*k + 125 = h. What are the prime factors of k?
5, 13
List the prime factors of 2 - 4 - (-1 + -3 + -24).
2, 13
What are the prime factors of (1566/81)/(4/30)?
5, 29
Let f be 3/((-6)/(-10))*1. Suppose 4*o - 64 = -f*n, -3*o + n + 2*n = -21. List the prime factors of o.
11
Let f(w) be the third derivative of -w**4/24 + 3*w**3/2 - w**2. Let t be f(-7). Suppose 0*y - t = -2*y. What are the prime factors of y?
2
Let h(i) = 3*i**3 - 5*i**2 + 2*i + 4. Let u be h(3). Let b = u - -14. Let q = b - 40. What are the prime factors of q?
2, 5
Let s(p) = -p**2 + 8*p - 9. Let r be s(7). Suppose 0 = -4*k - 3*n + 175, k = -0*k - 4*n + 47. List the prime factors of r/(-9) - k/(-9).
5
Let w(n) = -n**2 - n + 4. Let y be w(0). Suppose -4*k = -96 - y. List the prime factors of k.
5
Let v(r) be the first derivative of -2/3*r**3 - 1/4*r**4 + 0*r - 1/2*r**2 + 4. List the prime factors of v(-3).
2, 3
Let m(l) = -3*l + 1. Let d be (3/(-3) - 0)*-1. Let q = d - 3. What are the prime factors of m(q)?
7
Suppose 0 = -2*a + 4*y - 20, -2*a + 7 + 3 = 2*y. Suppose a*m - 33 = -3*m. Suppose -4*i + m + 9 = 0. List the prime factors of i.
5
What are the prime factors of 0 - ((-148)/4 - -2)?
5, 7
Let k = -3 + 7. Let v(j) = -j**2 + 1. Let y(w) = w**3 - 3*w**2 + 9*w - 11. Let f(h) = k*v(h) + y(h). List the prime factors of f(6).
11
Let q(i) = -3*i - 1. Let d(b) = -3*b. Let z(a) = 3*d(a) - 4*q(a). List the prime factors of z(3).
13
Let k = 8 + -6. Let x be (1 - 2) + 12/(-1). What are the prime factors of -1 + (k - 4 - x)?
2, 5
Let o(t) = t**3 + 4*t**2 - 5*t + 5. Let k be o(-5). Let v be -12*(40/3)/(-2). Suppose k*y = -0*y + v. What are the prime factors of y?
2
Let b(k) = k + 4. Let y(s) = -s**2 - 4*s - 2. Let z be y(-3). Let w be -3*8/(-3) - z. What are the prime factors of b(w)?
11
Suppose -4*d + 11 = 4*u - 9, u = -2*d. What are the prime factors of u?
2, 5
Let l be -1 + (0 - (1 + 0)). List the prime factors of (-70)/7*l/5.
2
Let v be 18/(-12)*8/(-6). Let h(b) = b**3 + 3*b**2 - b + 1. What are the prime factors of h(v)?
19
Suppose 5*r = -21 - 9. Let a(l) = l + 1. Let m be a(10). Let d = r + m. What are the prime factors of d?
5
Let y(i) be the first derivative of 3*i**2/2 + 3*i + 2. Let d be y(-2). What are the prime factors of (16/(-6))/(d/9)?
2
Suppose 3*j - 3*u = 21, -5*u - 15 = -3*j + 2*j. List the prime factors of (-50)/(-15)*36/j.
2, 3
Let a be 133/28 - 2/(-8). Let f(g) = -g**2 + 0*g + 2*g + 0*g**2 - a + 2*g**2. What are the prime factors of f(4)?
19
Suppose -4*g + 7*g - 34 = -4*l, -3*l = -g - 19. Suppose 0 = -l*a + 2*a + 75. What are the prime factors of a?
3, 5
Suppose k - 3 = 1. Let g be (15/(-6) - -3)*k. Suppose -6*a = -g*a - 88. List the prime factors of a.
2, 11
Let c be -1*(-2 - 4) + -3. Suppose -1 = 2*y + 3*o, -c*y + 7*o + 41 = 3*o. What are the prime factors of y?
7
Suppose 0 = -4*s + 4*r + 136, 2*r - 54 = -s - 2*r. List the prime factors of s.
2, 19
Let o = -16 - -9. Let s be -6*2/(-4)*o. Let t = s + 30. What are the prime factors of t?
3
Let f = -196 + 364. List the prime factors of f.
2, 3, 7
Let x(l) = -7*l + 4*l**3 - 10*l**2 - 4*l + 3 - 3*l**3. Let d be x(11). Suppose 18 = 3*p - d*k, 4*p + 7*k = 4*k + 10. What are the prime factors of p?
2
Let s(t) = t**2 - 4*t + 4. List the prime factors of s(-5).
7
Let r(f) be the third derivative of -f**5/60 + f**4/24 + 7*f**3/3 + f**2. Suppose -4 = 4*m + h, m = 2*h - 3*h - 4. What are the prime factors of r(m)?
2, 7
Suppose -z - 3*c = 2*z - 24, -5*z = 3*c - 32. Let x = 5 - z. Suppose -x = h - 6. List the prime factors of h.
5
Let p(z) = -15*z**2 - 5*z + 3. Let i(r) = -22*r**2 - 7*r + 4. Let h(f) = -5*i(f) + 7*p(f). List the prime factors of h(1).
2, 3
What are the prime factors of (-80)/(-12)*18/15?
2
Suppose 4*z + 9*y - 45 = 4*y, 0 = 5*z - y - 78. Suppose -16 = 2*x + 4*k + 2, -5*x = -5*k + z. List the prime factors of (x/2 - -2)*-22.
11
Suppose 0 + 3 = 3*k. Let c = 4 - k. Let o(a) = a - 1. What are the prime factors of o(c)?
2
Let n = 20 - 28. Let b = 18 + n. What are the prime factors of b?
2, 5
Let k = 556 + -388. List the prime factors of k.
2, 3, 7
Let a = -6 - -11. Suppose -3*q 